+ 1025 = 7*y. What are the prime factors of y?
5, 41
Let x = 41 + -68. List the prime factors of 1 + x*3/(-3).
2, 7
Suppose -55 = -4*s + 41. What are the prime factors of s?
2, 3
Let u = 80 - 56. List the prime factors of u.
2, 3
Suppose -5*j + 5*u - 49 + 239 = 0, -2*u - 154 = -4*j. List the prime factors of j.
3, 13
Let w(i) = 47*i**3 + 2*i**2 - 2*i + 1. Let k be w(1). Suppose 0 = -7*l + 3*l + 132. Let b = k - l. What are the prime factors of b?
3, 5
Let u = -7 + 13. Let f be 1 + u + 2*1. Suppose 0 = -3*q + f + 27. List the prime factors of q.
2, 3
Let c be (50/(-4))/(2/(-4)). Suppose -2*y + y = c. List the prime factors of (-30)/y*10/3.
2
Suppose 11*h = 354 + 1659. What are the prime factors of h?
3, 61
Suppose 0*o + 4*o = 0. Suppose o = -5*k - 3 - 27. Let n = k - -10. What are the prime factors of n?
2
List the prime factors of 453/9 + 6/9.
3, 17
Let q(x) = -17*x**2 + 2*x. Let v be q(2). List the prime factors of (3/2)/((-6)/v).
2
Let w = 9 - -7. Let u be 20/w - (-1)/(-4). What are the prime factors of (-31)/(-5) + u/(-5)?
2, 3
What are the prime factors of (-2)/(-8) - (-1482)/24?
2, 31
Let c = -3 - -5. Suppose -w - 17 = -c*z, 5*z - 7 = 3*z - w. Let j(r) = -r + 8. What are the prime factors of j(z)?
2
Suppose 2*z + 16 = 5*j, z + 3 = -2*j - 14. Let b = 41 - 21. Let f = b + z. What are the prime factors of f?
7
Suppose 0 = 4*z - 6*z + 2*d + 646, -z - 3*d = -319. What are the prime factors of z?
2, 7, 23
Let h(t) be the third derivative of t**5/60 - t**4/4 - 5*t**3/6 - t**2. Let i be h(7). Suppose 1 - 21 = -i*v. What are the prime factors of v?
2, 5
Let v(w) = -w**3 + 2*w**2 - 4*w + 3. Let u be v(5). List the prime factors of (2/(-4))/(2/u).
23
Let w be 0 + -2 + (-4)/(-1). Suppose w*v = -1 + 7. Suppose -8 = -v*m - m. List the prime factors of m.
2
Let g = -80 + 258. List the prime factors of g.
2, 89
Suppose 2*t + 4*q - 22 = 0, 4*q = t + q + 4. Let u(c) = -c**3 + 6*c**2 - 3*c - 4. List the prime factors of u(t).
2, 3
Suppose q + a - 43 = 0, 0*q + a = 2*q - 77. What are the prime factors of q?
2, 5
Suppose 2*k - 7 = -1. Suppose 5*q - 5 = 0, -t - k*q = -5 - 2. Suppose 0 = -t*s - 3*u - 2*u + 54, -2*s = -5*u - 12. What are the prime factors of s?
11
Suppose -2*x + 1 = -k - 0, 0 = x + k - 5. Let p = 19 - 17. Suppose -n = -m - 4, -7 = -n + x*m + p*m. What are the prime factors of n?
3
Let i(x) = -24*x - 2. Let u(q) = q. Let d(w) = -2*i(w) - 44*u(w). Let l be d(3). Let o = l + -5. What are the prime factors of o?
11
Suppose 0 = -a - 2, -b - 3*b + 4*a + 88 = 0. List the prime factors of b.
2, 5
Let b = -107 + 176. List the prime factors of b.
3, 23
Let u = 1 + -4. Let o be 268/6 + 2/u. Suppose -3*l + 0*j = -4*j - 71, -2*l + j = -o. List the prime factors of l.
3, 7
What are the prime factors of (128/(-20))/(2/(-5))?
2
Let c = 0 - -3. Let m be 1 + 30 - 1*2. Suppose -c*k + 1 = -m. What are the prime factors of k?
2, 5
Let d be 356/(-24) + 1/(-6). Let q = 23 + d. Let l(j) = -j**3 + 9*j**2 - 5*j - 10. List the prime factors of l(q).
2, 7
Let r(l) = l**2 + 4*l + 2. Let n be r(-4). Let d be 0 + 2 - (-6 + (-34 - -3)). Suppose 3*a = z + d + 23, z + n = 0. List the prime factors of a.
2, 5
Suppose -4*d + 2*d = -q + 78, 3*q = 5*d + 231. Suppose 4*f = -2*y + q, 0*y + 10 = 5*y. What are the prime factors of f?
17
Let a(r) = 2*r**2 + 14*r + 6. Let l be a(-9). Suppose 0 = -4*g + 18 + l. What are the prime factors of g?
3, 5
Let a = 11 + -17. Let w(p) = p**3 + 5*p**2 - 5*p + 8. What are the prime factors of w(a)?
2
Suppose 0 = -0*r - 2*r. Suppose -y - 3*y + 16 = r. List the prime factors of y.
2
Suppose 3*o + n = 45 + 39, 5*o - 160 = 5*n. List the prime factors of o.
29
Let k(b) = -b**3 + 13*b**2 - 10*b - 11. List the prime factors of k(12).
13
Let b(g) = -2*g + 4*g - 4*g - g**3 + 4*g**2 + 3*g. List the prime factors of b(4).
2
Let u be (-4 - -4 - 2)*1. Let l(b) = 7*b**2 - b + 4. List the prime factors of l(u).
2, 17
Let g(a) = -a**3 + 2*a - 5. Let h(x) = -x**3 - x**2 + 3*x - 6. Let l(t) = 4*g(t) - 3*h(t). Let n be l(2). Suppose -15 + n = -3*v. List the prime factors of v.
5
Let c(j) = 4*j**2 - 4*j - 1. Let k be c(-3). Let f(i) = 4*i. Let l be f(1). Suppose k = l*p + 3. List the prime factors of p.
11
Suppose 3*o + 4*l - 3*l - 33 = 0, -2*o + 5*l + 5 = 0. Suppose -3*v = 2*v - o. Let d = 14 - v. What are the prime factors of d?
2, 3
Let b(j) = -j**3 - 5*j**2 + 5*j - 3. Let p be b(-6). Suppose p*r - 15 = -0*r. Suppose f - r = 6. What are the prime factors of f?
11
Suppose -5*o = -256 + 106. What are the prime factors of o?
2, 3, 5
Suppose 3*y - 2*z = -7*z + 173, -z = -5*y + 279. What are the prime factors of y?
2, 7
Let n be 78/(-18) + (-2)/(-6). Let d be (0/n)/(2 - 1). Suppose 0*v - v + 14 = -4*r, 5*v - 5*r - 40 = d. What are the prime factors of v?
2, 3
Let q be ((-2)/3)/(4/12). Suppose 4*n - 7 = 17. List the prime factors of (q/n)/((-3)/63).
7
Suppose 0 = -3*u - 4*y, 4*u + u + 4*y = 8. Suppose -121 = -5*j - 3*c + 4, -u*c - 20 = 0. Suppose 5*k + 8 = j. List the prime factors of k.
2
Let u(a) = a**3 - 4*a**2 + 3*a - 3. What are the prime factors of u(4)?
3
Let r be -3 + (-2 - -5)/1. Suppose r*g - 5*g + 180 = 0. List the prime factors of g.
2, 3
Suppose 3*g - 126 + 36 = 0. What are the prime factors of g?
2, 3, 5
Let q be -3 - -7 - (0 - 1). Suppose r - q = 9. Suppose 4*s - 2*s = r. List the prime factors of s.
7
Let g be (-1 - -5)*2/4. Suppose g*s + z + 3*z = 28, -s + 3*z - 6 = 0. What are the prime factors of s?
2, 3
Let v(h) = 13*h + 8 - 2*h**2 - 8*h + h**2. Let l be v(6). List the prime factors of 88/12 - l/(-3).
2
Let r = 2 + 2. Suppose u + 2 - r = 0. Suppose c = p + 4, 2 = -5*c + u*p + 25. What are the prime factors of c?
5
Let i(u) = -u**3 - u + 20. Let x be i(0). Suppose x = m + 3*m. What are the prime factors of m?
5
Let q be (-1 - -3)/((-2)/2). What are the prime factors of (1 - q)/(6/10)?
5
Let q be (1*-1)/((-5)/165). Suppose -q = -2*c - 7. List the prime factors of c.
13
Let x(d) = 7*d - 5*d - d**2 + 3 + 7*d. Let p be x(9). Suppose 0*k = p*k - 54. List the prime factors of k.
2, 3
Let f(b) = b**3 - 14*b**2 + 13*b + 7. Let i be f(13). Suppose 145 = 5*l - o, -102 = 3*l - i*l - 2*o. List the prime factors of l.
2, 7
Let t(u) = 2*u - 15. Let d be t(9). Suppose -d*v - 100 = -5*v. What are the prime factors of v?
2, 5
Let h(c) = c**3 - 11*c**2 - 2. Let o be h(11). Let a(k) = -k**3 + 6*k**2 + 9*k - 7. Let u be a(7). List the prime factors of 0 - 1*o*u.
2, 7
Suppose -3*u + u + 54 = 0. Suppose n = -2*f + 19, -n - 6*f + u = -2*f. List the prime factors of n.
11
Let g = 36 - 12. Suppose -d - b - 7 - 9 = 0, -2*b = -2*d - g. Let u = 29 + d. List the prime factors of u.
3, 5
Suppose 0*i + i - 28 = 0. Suppose d + c + i = 0, -3*d - 86 = -c + 5*c. Let f = d - -38. What are the prime factors of f?
2, 3
Let x = -48 - -94. What are the prime factors of x?
2, 23
Let x(h) = -16*h + 7. List the prime factors of x(-5).
3, 29
Suppose 3*g - 6 = 9. Suppose -k = -0 - g. Let h = 9 - k. List the prime factors of h.
2
Let c = 26 + -46. What are the prime factors of 20*c/(-48)*3?
5
Suppose -3*s - u + 165 = 0, 3*u + 40 = 4*s - 193. List the prime factors of s.
2, 7
What are the prime factors of 405/2 - 28/(-56)?
7, 29
Let r = 29 + -8. What are the prime factors of r?
3, 7
Let c(t) = -t**3 - 9*t**2 + 2*t + 10. List the prime factors of c(-11).
2, 5, 23
Let y = 70 - 49. Let w = 29 - y. List the prime factors of w.
2
Let o be 3 + -2 - 34/(-2). Suppose -4*k + o = -3*k. Suppose 5*p + 14 - 4 = 5*w, 3*p = -3*w + k. What are the prime factors of w?
2
Suppose -g - g = -4. Suppose -13 = -3*s + 2*i, -g*i - 3*i + 27 = s. What are the prime factors of s?
7
Suppose 3*w = 6 + 72. What are the prime factors of w?
2, 13
Let k = 50 - 34. Suppose -2*v - 2*v + k = 0. List the prime factors of (v/5)/(8/20).
2
Let g = -9 + 13. Suppose -8 - g = b. List the prime factors of (-5)/(35/b)*7.
2, 3
Let r be (18/(-12))/(6/32). Let k = r - -11. List the prime factors of k.
3
Let c be 2/4*0/(-2). Suppose 5*s - 25 + c = 0. Suppose s = v - 5. What are the prime factors of v?
2, 5
Let i(w) be the first derivative of -17*w**2/2 - w + 3. Let q be i(-1). Suppose 5*h + 20 = 0, 4*s + 3*h = 16 + q. What are the prime factors of s?
11
Suppose 29*h - 30*h = -5. Let m(a) = a**2 - 3*a + 3*a - 4. What are the prime factors of m(h)